 k = 14. What is the remainder when 7 is divided by u?
1
Suppose -g - 4 = -3*w - 31, -2*g = 4*w - 4. Suppose -5*l + n + 108 = 0, -n + 56 = 5*l - 56. Calculate the remainder when l is divided by 141/g - 2/(-8).
10
Let v = -16 - -10. Let w(r) = -7*r - 5. Calculate the remainder when w(v) is divided by (-1 - 1)*(-19)/2.
18
Let v(s) = -s**3 + 8*s**2 + 5*s - 14. Calculate the remainder when v(5) is divided by 11.
9
Suppose -48*i + 16 = -47*i. What is the remainder when 62 is divided by i?
14
What is the remainder when (-1)/(-1) - 1*-43 is divided by 12?
8
Calculate the remainder when 38 is divided by (4 - 5 - 15)/(-1).
6
Let s = 4 + -3. Let r be -4*s/(-2) - 4. What is the remainder when 1 + 38 + -1 - r is divided by 21?
19
Let k = 551 - 239. Suppose -4*p + 48 + k = 0. Calculate the remainder when p is divided by 31.
28
Let l(h) = 6*h**2 + 9*h + 17. Calculate the remainder when l(-6) is divided by 20.
19
Let w(m) = -m**3 - m**2 + 3*m + 4. Let y be (2 + -3)*3*1. Calculate the remainder when 25 is divided by w(y).
12
Let i = 117 + -53. Let h = -27 + i. Calculate the remainder when -1 + (1 + h)/2 is divided by 10.
8
Calculate the remainder when 23 is divided by (1*-6)/((-48)/32).
3
Suppose -w + 2 = 0, 4*k + w = -2*w + 194. Suppose -t - a = -13, t + 2*t - 5*a - k = 0. Calculate the remainder when t is divided by 1*4*-1*-2.
6
Let z be 2 + 12/3 + 0. Let d(h) = -9*h + h + h**2 - z - 2*h**2. What is the remainder when 1 is divided by d(-7)?
0
Calculate the remainder when 21 is divided by ((-8)/20)/(2/(-30)).
3
Let g = 7 + -4. Calculate the remainder when 10 is divided by 0 + (6 - g) - -1.
2
Suppose 0 = j + 31 - 132. What is the remainder when j is divided by 17?
16
Suppose -5*o + 28 = -o. Suppose 3*z - k = 32, z = -z - 3*k + 36. What is the remainder when z is divided by o?
5
Let j be -2 - (1 + (2 - 151)). Suppose j = 5*t - 59. What is the remainder when t is divided by 21?
20
Let m(s) = s**3 + 5*s**2 + s - 4. Calculate the remainder when (-1 + -14)*(-4 + 3) is divided by m(-4).
7
Let j = -15 - -11. What is the remainder when 34 is divided by (-2)/(-4) + (-34)/j?
7
Calculate the remainder when 4/(-2) + 246/6 is divided by 20.
19
Suppose r - 5*r - 153 = -5*u, -57 = r + 5*u. Let b = r + 88. Calculate the remainder when b is divided by 12.
10
Suppose 2*i - p - p = 30, 4*p + 5 = -i. Let u(k) = -4*k**2 + 16 + 5*k**2 + 5. What is the remainder when u(0) is divided by i?
10
Let m(j) = -2*j**2 - 18*j - 9. What is the remainder when m(-7) is divided by 7?
5
Let m = 6 + -4. Calculate the remainder when 70/3 + m/(-6) is divided by 12.
11
Suppose -4*n + 3*n = -26. Calculate the remainder when 128 is divided by n.
24
Let t(z) be the third derivative of 0 - z**2 + 0*z + 1/8*z**4 + 1/30*z**5 - 4/3*z**3. What is the remainder when t(-6) is divided by 16?
14
Suppose -m + 2*m = 35. Calculate the remainder when m is divided by 9.
8
Let c(s) = -17*s - 3. Let r = -195 + 285. What is the remainder when r is divided by c(-2)?
28
Let p(a) = -24*a - 1. Calculate the remainder when p(-1) is divided by 13.
10
Suppose g - 5 = 9. Let p(j) = 2*j - 4. Let v = 16 + -10. What is the remainder when g is divided by p(v)?
6
Let n(g) = -g**2 + 15*g + 11. Calculate the remainder when 219 is divided by n(11).
54
Let d = 18 + -11. Let w = 9 - -10. What is the remainder when w is divided by d?
5
Let x = 8 - -8. Let s = 9 + -5. Let a = 10 - s. What is the remainder when x is divided by a?
4
What is the remainder when 7/((15/(-5))/(-3)) is divided by 5?
2
Let g be (15 + -1)*(-1)/(-2). Suppose 0 = -2*u + g + 27. Let w = 2 + 4. Calculate the remainder when u is divided by w.
5
Let v = 5 + 57. Calculate the remainder when ((-22)/11)/((-4)/v) is divided by 16.
15
Suppose -4*z + l + 1 + 0 = 0, 3*z + 8 = -l. What is the remainder when (5/(-10))/(z/68) is divided by 12?
10
Suppose -3*w = 5*f - 137, -2*f + 2*w + 4 = -38. Suppose -5*u + 31 = c, 0*u + 3*u = c + f. Let k = -18 + 37. Calculate the remainder when k is divided by u.
5
Let i be (-11 + 2)/((-2)/2). Let c = -2 + i. Suppose -18 - c = 5*d, -v = 5*d - 22. What is the remainder when v is divided by 16?
15
Let d(v) = -v**3 + 7*v - 1. Let t(u) = u**2 - 9*u - 5. Let s be t(9). Calculate the remainder when d(s) is divided by 23.
20
Let b(p) = 4*p + 1. Let c = -11 - -13. What is the remainder when b(1) is divided by c?
1
What is the remainder when (-3)/(-9)*(-1770)/(-10) is divided by 16?
11
Suppose 0 = 4*s + 5 + 47. What is the remainder when 26 is divided by -2*(2 - s/(-2))?
8
Suppose 4*d + 11 - 99 = 0. Suppose 36 = 3*v - 5*q, -2*v = -6*v + q + 48. What is the remainder when d is divided by v?
10
Let w = 86 + -31. Suppose -5*h = -0*h - w. What is the remainder when h is divided by 6?
5
Let d(r) = r**2 - r - 4. Let j be d(0). Let w(o) = -o**3 - 2*o**2 - 4*o - 3. What is the remainder when w(-3) is divided by (-2)/(-4) - 18/j?
3
Let n(g) be the first derivative of g**3/3 + 7*g**2/2 - 5*g - 2. What is the remainder when 7 is divided by n(-8)?
1
Suppose 0*s - 2*s - 1 = 3*j, 3*s - 21 = 3*j. What is the remainder when 3 is divided by s/2 - (-2)/(-2)?
0
Let k = -183 - -268. Suppose -6*g + 2*g + 116 = 0. What is the remainder when k is divided by g?
27
Let y(j) = 141*j**2 - 1. Let o be y(-1). Suppose 2*a + 2*a - o = 0. Let f = -13 + 25. Calculate the remainder when a is divided by f.
11
Suppose -132 = -4*z + 56. Calculate the remainder when z is divided by 16.
15
Let g = 85 + -74. What is the remainder when 162 is divided by g?
8
Let x = -40 + 134. Calculate the remainder when x is divided by 19.
18
Let u be -34*(-4 - (-2)/1). Suppose 4*l - 12 = -0*l. Suppose 2*n = l*o - u, 5*o - 5*n - 105 = -10*n. What is the remainder when o is divided by 12?
10
Let a = -15 - 4. Let d = a - -29. Calculate the remainder when d is divided by 6.
4
Suppose 3*r = -101 + 302. What is the remainder when r is divided by 17?
16
Suppose 5*u + 3*y = 22, -y + 20 = 5*u + 4*y. Calculate the remainder when 24 is divided by u.
4
Suppose -3 = -2*d + 1. Let v = d + 3. Suppose 5*w - 3*o - 10 = -0*o, 0 = -o. Calculate the remainder when v is divided by w.
1
Let w be 2/(14/12 - 1). Suppose n + 3*z + 3 = -0*n, 3*z + w = 2*n. Let c(v) = v**3 - 3*v**2 - 6. What is the remainder when c(4) is divided by n?
1
Suppose 0 = 3*x + 6*f - 3*f - 72, 0 = -x - 3*f + 18. Calculate the remainder when 78 is divided by x.
24
Suppose 0 = -4*m - 271 + 31. Let k = m + 39. Calculate the remainder when 4/14 - 456/k is divided by 8.
6
Calculate the remainder when 1/(0 - 1)*-47 is divided by 12.
11
Suppose -z + 2*o + 2 = -0, -5*o - 20 = -4*z. Let c(y) = y**2 + y + 2. What is the remainder when c(-5) is divided by ((-12)/(-10))/(1/z)?
10
Suppose p - 1 = -q + 6, -20 = -3*p - 4*q. Let j = 95 + -64. Calculate the remainder when j is divided by p.
7
Suppose 5 = 5*f - 0. Suppose -3*o + 5 = -f. Suppose -o*v = v - 39. What is the remainder when 37 is divided by v?
11
Let m(s) = -s**3 - 5*s**2 - 6*s - 1. Let t = 2 + 3. Calculate the remainder when m(-4) is divided by t.
2
Let w = -166 + 184. Let j be ((-16)/10)/((-1)/5). Suppose -j = -x + o, -7*x = -2*x - 3*o - 44. Calculate the remainder when w is divided by x.
8
Let h be ((-6)/4)/((-6)/(-8)). What is the remainder when (-1)/h - 244/(-8) is divided by 8?
7
Let o(p) be the first derivative of 5*p**3/3 - p**2 - 2*p - 6. Calculate the remainder when 18 is divided by o(-1).
3
What is the remainder when 24 is divided by 82/5 + 5*(-4)/50?
8
Let d(r) = r**3 + 4*r**2 - 6*r - 6. Let c be d(-4). Calculate the remainder when (-8)/(-36) + 338/c is divided by 11.
8
Let v(k) = -2 + 0 + 3 + 2*k. Let r be v(1). What is the remainder when 25 is divided by (28/2)/(-2 + r)?
11
Let v(d) = 4*d**3 - 8*d**2 + 8*d + 7. Let w(y) = 5*y**3 - 8*y**2 + 8*y + 8. Let f(k) = 4*v(k) - 3*w(k). What is the remainder when 19 is divided by f(7)?
8
Let l(f) = f**3 - 6*f**2 + 5*f + 3. Suppose -k + 3*v - 19 = -3*k, 2*k - 26 = 4*v. Calculate the remainder when k is divided by l(5).
2
Let j(a) = 0 + a - 3*a + a**2 - 2. Calculate the remainder when 50 is divided by j(5).
11
Suppose 2*m + 27 = m. Let z = 4 - m. Suppose 32 = -0*g + 2*g. What is the remainder when z is divided by g?
15
Suppose -245 = -10*q + 5*q. Let d = 77 - q. What is the remainder when d is divided by 10?
8
Suppose 4*d - 25 = -v, -2*v + v - 3*d = -20. C